{"id":1276,"date":"2023-01-19T11:27:46","date_gmt":"2023-01-19T11:27:46","guid":{"rendered":"https:\/\/mkbalkan.com\/?page_id=1276"},"modified":"2023-01-19T11:27:46","modified_gmt":"2023-01-19T11:27:46","slug":"bajker","status":"publish","type":"page","link":"https:\/\/mkbalkan.com\/?page_id=1276","title":{"rendered":"Bajker"},"content":{"rendered":"\n<p>Nekada su svi bajkeri imali zajedni\u010dku nit,<br>neizgovoreni eti\u010dki Kod i pona\u0161anje koje je nadilazilo rije\u010di, koje se zasnivalo na postupcima. Nikad nije napisana knjiga sa Bajkerskim kodom pona\u0161anja i nikad i nije bilo potrebe za njom. Ali vremena se mijenjaju i \u010dini se da dolaze neki novi motociklisti.<br>Danas kada vidite motociklistu kako juri, najvjerovatnije je da \u0107e biti u majici kratkih rukava, u nekakvim kratkim pantalona i patikama na nogama.<br>A bajker najgrubljeg, naj\u010dvr\u0161\u0107eg izgleda pored kojeg \u0107ete se zaustaviti je najvjerovatnije doktor ili advokat i mogu\u0107e je da nosi Rolex ispod sve te ko\u017ee. Nema ni\u0161ta pogre\u0161no u tome, sve dok ovi novi motociklisti znaju Kod koji je stvarala stara garda.<br>Biti biker je zna\u010dilo imati dovoljno kreativnosti i pretvoriti krntiju, koriste\u0107i samo inovativnost i inspiraciju, u jedistvenu ma\u0161inu koja plijeni pa\u017enju, a onda riskirati vlastiti \u017eivot na asfaltu jure\u0107i na bajku koji ste sami napravili sa ponosom. Bajkeri su nosili ko\u017eu i bili masni jer su znali da je zlobnicima pregaziti ih \u010das posla, tako da su morali da izgledaju zastra\u0161uju\u0107e. Bili smo vrsta okrenuta sebi, bez sindikata, bez grupe koja nas podr\u017eava, u mnogim slu\u010dajevima bez porodice. Morali smo uspjeti u vlastitom svijetu, protiv svih pravila, protiv mainstream dru\u0161tva, i protiv svih izgleda za uspjeh. Pre\u017eivjeli smo i napredovali zbog Bajkerskog Koda i nikad nismo trpili sranja ni od koga.<br>Na starijima je da u\u010de mla\u0111e. S tim na umu, dajemo vam osnovna pravila pona\u0161anja na dva kota\u010da.<br>Pazite dobro, bra\u0107o i sestre, jer je na\u0161 Kod svetinja ispunjen sa \u010da\u0161\u0107u i lojalno\u0161\u0107u, onakvom kakva nije vi\u0111ena od doba vitezova:<\/p>\n\n\n\n<p>NE TRPI SRANJA!<br>Budi dobar prema \u017eenama, djeci i \u017eivotinjama, ali ne trpi sranja. To je najva\u017eniji preduslov ako se \u017eeli\u0161 zvati bajkerom. To je u vezi sa respektom i \u010da\u0161\u0107u. Svako mo\u017ee biti budala tankih \u017eivaca. Budi kul, zauzmi stav i neka tvoja djela prate ono \u0161to ka\u017ee\u0161.<\/p>\n\n\n\n<p>NIKAD NE LA\u017dI, NE VARAJ I NE KRADI!<br>Drugi na\u010din da se ovo ka\u017ee je uvijek govori istinu. Bajkeri su uvijek lo\u0161i prljavi i masni momci u filmovima, ali svaki pravi bajker zna da ga njegova rije\u010d obavezuje. Tvoja rije\u010d je jedina stvar na ovom svijetu koja 100% pripada tebi. \u010cuvaj je sa oprezom i budi plemenit, jer si ti istinski vitez na cesti.<\/p>\n\n\n\n<p>NE CINKAJ!<br>Ako vidi\u0161 nepravdu, bori se protiv nje, ako i\u0161ta vrijedi\u0161. Sam \u0107e\u0161 se starati o problemima i nikad nemoj osjetiti potrebu da nekog drugog cinka\u0161. Cinkaro\u0161i su najni\u017ei oblik \u017eivota na planeti, odmah pored kradljivaca motora.<\/p>\n\n\n\n<p>NE CMIZDRI!<br>Apsolutno niko ne po\u0161tuje niti voli onoga ko cmizdri. Drugi na\u010din da se ovo ka\u017ee je, izdr\u017ei to vrijeme u blatu. Drugi na\u010din da se o ovom misli je, \u201cNe pravi veliku frku oko sitnica\u201d ve\u0107ina \u017eivotnih malih neugodnosti se ionako na kraju same od sebe srede, cmizdrio ti ili ne. Glavu gore, majku mu! Bajker si, nisi crv\u2026<\/p>\n\n\n\n<p>NIKAD NE PRIZNAJ PORAZ I NIKAD NEMOJ ODUSTATI!<br>Bilo da je tu\u010da, debata, ili poslovni dogovor, nebitno kako gusto postane, biker nikad ne odustaje.<\/p>\n\n\n\n<p>POMA\u017dI DRUGIMA!<br>Kad je brat ili sestra u kvaru pored puta, uvijek se zaustavi i pomozi im. \u010cak i kao moralna podr\u0161ka, ako je to sve \u0161to mo\u017ee\u0161 pru\u017eiti, bolje nego da samo pro\u0111e\u0161 pored. Zapamti \u017eivot je putovanje, vo\u017enja, a ne stizanje na destinaciju. Ve\u0107 si tamo. I nemoj samo pomagati bajkerima, poka\u017ei svijetu da smo bolji nego imid\u017e koji nas prati. Ljubaznost ne ko\u0161ta ni\u0161ta ali ti daje sve.<br>(obratite pa\u017enju na u\u010destalost humanitarnih djela koja \u010dine bikeri ne tra\u017ee\u0107i ni\u0161ta za sebe, a daju\u0107i koliko mogu onima kojima je potrebno)<\/p>\n\n\n\n<p>DR\u017dI DO SEBE!<br>Uradi ono \u0161to ka\u017ee\u0161 da \u0107e\u0161 uraditi, budi tamo kad ka\u017ee\u0161 da \u0107e\u0161 biti. To se zove integritet. Ovo se tako\u0111e odnosi za zauzimanje stava. Kao \u0161to pjesma ka\u017ee, \u201cYou\u2019ve got to stand for something or you\u2019ll fall for anything.\u201d<\/p>\n\n\n\n<p>\u017dIVOT NIJE VJE\u017dBA!<br>Da, ovo nije proba kostima. Ovo je \u017eivot \u2014 iza\u0111i i grizi velike komade njega. Nema\u0161 vremena za gubljenje i bajkeri ne stoje i ne \u010dekaju da im zabava do\u0111e na noge. \u017divi se samo jednom. Sutra mo\u017ee\u0161 poginuti, zahvaljuju\u0107i penzioneru koji je zaspao za volanom. \u017divi sad, uzmi maksimum od svakog trenutka.<\/p>\n\n\n\n<p>Ok, sad da ponovimo\u2026<br>Ti si bajker, moderni vitez ceste.<br>\u0160titi slabe, Zauzmi stav i budi ponosan.<br>Tvoja rije\u010d je tvoja obaveza.<br>Dr\u017ei do sebe.<br>Ne trpi sranja.<br>\u017divot nije vje\u017eba.<br>Sad iza\u0111i i vozi.<br>Kad si u dilemi, vozi.<br>To je ono \u0161to mi radimo\u2026vozimo.<\/p>\n\n\n\n<p>Ako se \u017eeli\u0161 voziti okolo u \u201cday-glo\u201d havajskoj ko\u0161ulji i sandalama, samo naprijed, ali ako ti je ve\u0107 namjera da izgleda\u0161 kao idiot, barem se nemoj pona\u0161ati kao idiot.<br>Ove upute su samo osnove, mnogo vi\u0161e je potrebno da se bude bajker od toga da se samo kupi motor.<br>Ako samo kupi\u0161 motor, ti si motociklista.<br>Biti biker je na\u010din \u017eivota, ponosan na\u010din \u017eivota koji dijelimo sa stra\u0161\u0107u za otvorenim putem.<\/p>\n","protected":false},"excerpt":{"rendered":"<p>Nekada su svi bajkeri imali zajedni\u010dku nit,neizgovoreni eti\u010dki Kod i pona\u0161anje koje je nadilazilo rije\u010di, koje se zasnivalo na postupcima. Nikad nije napisana knjiga sa Bajkerskim kodom pona\u0161anja i nikad i nije bilo potrebe za njom. Ali vremena se mijenjaju i \u010dini se da dolaze neki novi motociklisti.Danas kada vidite&#8230;<\/p>\n","protected":false},"author":1,"featured_media":0,"parent":0,"menu_order":0,"comment_status":"closed","ping_status":"closed","template":"","meta":{"footnotes":""},"class_list":["post-1276","page","type-page","status-publish","hentry"],"_links":{"self":[{"href":"https:\/\/mkbalkan.com\/index.php?rest_route=\/wp\/v2\/pages\/1276","targetHints":{"allow":["GET"]}}],"collection":[{"href":"https:\/\/mkbalkan.com\/index.php?rest_route=\/wp\/v2\/pages"}],"about":[{"href":"https:\/\/mkbalkan.com\/index.php?rest_route=\/wp\/v2\/types\/page"}],"author":[{"embeddable":true,"href":"https:\/\/mkbalkan.com\/index.php?rest_route=\/wp\/v2\/users\/1"}],"replies":[{"embeddable":true,"href":"https:\/\/mkbalkan.com\/index.php?rest_route=%2Fwp%2Fv2%2Fcomments&post=1276"}],"version-history":[{"count":1,"href":"https:\/\/mkbalkan.com\/index.php?rest_route=\/wp\/v2\/pages\/1276\/revisions"}],"predecessor-version":[{"id":1277,"href":"https:\/\/mkbalkan.com\/index.php?rest_route=\/wp\/v2\/pages\/1276\/revisions\/1277"}],"wp:attachment":[{"href":"https:\/\/mkbalkan.com\/index.php?rest_route=%2Fwp%2Fv2%2Fmedia&parent=1276"}],"curies":[{"name":"wp","href":"https:\/\/api.w.org\/{rel}","templated":true}]}}